{"id":1383,"date":"2024-10-08T18:59:58","date_gmt":"2024-10-08T15:59:58","guid":{"rendered":"https:\/\/kirjallisuuskalenteri.fi\/event\/kenen-aani-on-voimakkain-sisallasi\/"},"modified":"2024-11-11T00:55:03","modified_gmt":"2024-11-10T21:55:03","slug":"kenen-aani-on-voimakkain-sisallasi","status":"expired","type":"event_listing","link":"https:\/\/kirjallisuuskalenteri.fi\/sv\/event\/kenen-aani-on-voimakkain-sisallasi\/","title":{"rendered":"Kenen \u00e4\u00e4ni on voimakkain sis\u00e4ll\u00e4si?"},"content":{"rendered":"<p><b>Kurssi on valitettavasti peruttu. Voit tutustua muuhun kurssitarjontaamme <a href=\"https:\/\/www.nihilinterit.fi\/kurssit\/\">t\u00e4\u00e4ll\u00e4<\/a>.<\/b><\/p>\n<p>Kenen \u00e4\u00e4ni on voimakkain sis\u00e4ll\u00e4si? Filosofin? Itkupillin? Haaveilijan? Tiikerin?<\/p>\n<p>Astu laivaan ja l\u00e4hde risteilylle halki erilaisten puhetapojen, asentojen ja olemisen tasojen. Viikonlopun mittainen paja on suunnattu etenkin runoilijan polkunsa alkutaipaleella oleville kirjoittajille ja sen luotsina toimii runoilija <strong>Petri Turunen<\/strong>.<\/p>\n<p>Pajassa tarjoillaan tietoiskuja runoista ja runoilijoista, jotka ovat ammentaneet leimallisesti eri l\u00e4ht\u00f6kohdista. Lis\u00e4ksi pajassa keskustellaan runoesimerkeist\u00e4 (niin klassikoiden kuin nykytekij\u00f6idenkin runoista), tutustutaan erilaisiin kirjoittamisen tapoihin sek\u00e4 heitt\u00e4ydyt\u00e4\u00e4n kokeilemaan kirjoittamista erilaisista asennoista k\u00e4sin ja erilaisia tapoja yhdistellen. Pajan tavoitteena on hahmottaa itselle ominaista kirjoittamisen tapaa ja kenties p\u00e4\u00e4st\u00e4 laajentamaan sit\u00e4 uusiin suuntiin.<\/p>\n<p>Petri Turusen kurssi j\u00e4rjestet\u00e4\u00e4n viikonlopun mittaisena <a href=\"https:\/\/tekstintalo.fi\/\" target=\"_blank\" rel=\"noopener\">Tekstin talon<\/a> Kabinetissa lauantaina ja sunnuntaina 9.\u201310.11. klo 11\u201315.30. Kurssin hinta on 120 e Nihil interitin j\u00e4senille ja 135 euroa muille.<\/p>\n<p>Ilmoittautumiset 1.11. menness\u00e4 osoitteeseen <a href=\"mailto:kurssit@nihilinterit.fi\">kurssit@nihilinterit.fi<\/a>. Kurssi j\u00e4rjestetet\u00e4\u00e4n, jos osallistujia on yhteens\u00e4 8. Maksimiosallistujam\u00e4\u00e4r\u00e4 on 12, eli varaa paikkasi pian!<\/p>\n<p>Ilmoittautuessasi sitoudut maksamaan kurssimaksun. Voit peruuttaa varatun paikan 7 vrk ennen kurssin alkamista. Mik\u00e4li peruutusta ei ole tehty m\u00e4\u00e4r\u00e4aikaan menness\u00e4, veloitetaan koko kurssimaksu. Voit perua kurssipaikan s\u00e4hk\u00f6postitse osoitteeseen: <a href=\"mailto:kurssit@nihilinterit.fi\">kurssit@nihilinterit.fi<\/a>.\u00a0<\/p>\n","protected":false},"featured_media":1709,"template":"","meta":[],"event_listing_type":[159],"class_list":["post-1383","event_listing","type-event_listing","status-expired","has-post-thumbnail","hentry","event_listing_type-kurssit-ja-koulutukset"],"_links":{"self":[{"href":"https:\/\/kirjallisuuskalenteri.fi\/sv\/wp-json\/wp\/v2\/event_listing\/1383","targetHints":{"allow":["GET"]}}],"collection":[{"href":"https:\/\/kirjallisuuskalenteri.fi\/sv\/wp-json\/wp\/v2\/event_listing"}],"about":[{"href":"https:\/\/kirjallisuuskalenteri.fi\/sv\/wp-json\/wp\/v2\/types\/event_listing"}],"wp:featuredmedia":[{"embeddable":true,"href":"https:\/\/kirjallisuuskalenteri.fi\/sv\/wp-json\/wp\/v2\/media\/1709"}],"wp:attachment":[{"href":"https:\/\/kirjallisuuskalenteri.fi\/sv\/wp-json\/wp\/v2\/media?parent=1383"}],"wp:term":[{"taxonomy":"event_listing_type","embeddable":true,"href":"https:\/\/kirjallisuuskalenteri.fi\/sv\/wp-json\/wp\/v2\/event_listing_type?post=1383"}],"curies":[{"name":"wp","href":"https:\/\/api.w.org\/{rel}","templated":true}]}}

Kenen ääni on voimakkain sisälläsi?

<p><b>Kurssi on valitettavasti peruttu. Voit tutustua muuhun kurssitarjontaamme <a href="https://www.nihilinterit.fi/kurssit/">täällä</a>.</b></p>
<p>Kenen ääni on voimakkain sisälläsi? Filosofin? Itkupillin? Haaveilijan? Tiikerin?</p>
<p>Astu laivaan ja lähde risteilylle halki erilaisten puhetapojen, asentojen ja olemisen tasojen. Viikonlopun mittainen paja on suunnattu etenkin runoilijan polkunsa alkutaipaleella oleville kirjoittajille ja sen luotsina toimii runoilija <strong>Petri Turunen</strong>.</p>
<p>Pajassa tarjoillaan tietoiskuja runoista ja runoilijoista, jotka ovat ammentaneet leimallisesti eri lähtökohdista. Lisäksi pajassa keskustellaan runoesimerkeistä (niin klassikoiden kuin nykytekijöidenkin runoista), tutustutaan erilaisiin kirjoittamisen tapoihin sekä heittäydytään kokeilemaan kirjoittamista erilaisista asennoista käsin ja erilaisia tapoja yhdistellen. Pajan tavoitteena on hahmottaa itselle ominaista kirjoittamisen tapaa ja kenties päästä laajentamaan sitä uusiin suuntiin.</p>
<p>Petri Turusen kurssi järjestetään viikonlopun mittaisena <a href="https://tekstintalo.fi/" target="_blank" rel="noopener">Tekstin talon</a> Kabinetissa lauantaina ja sunnuntaina 9.–10.11. klo 11–15.30. Kurssin hinta on 120 e Nihil interitin jäsenille ja 135 euroa muille.</p>
<p>Ilmoittautumiset 1.11. mennessä osoitteeseen <a href="mailto:kurssit@nihilinterit.fi">kurssit@nihilinterit.fi</a>. Kurssi järjestetetään, jos osallistujia on yhteensä 8. Maksimiosallistujamäärä on 12, eli varaa paikkasi pian!</p>
<p>Ilmoittautuessasi sitoudut maksamaan kurssimaksun. Voit peruuttaa varatun paikan 7 vrk ennen kurssin alkamista. Mikäli peruutusta ei ole tehty määräaikaan mennessä, veloitetaan koko kurssimaksu. Voit perua kurssipaikan sähköpostitse osoitteeseen: <a href="mailto:kurssit@nihilinterit.fi">kurssit@nihilinterit.fi</a>. </p>
