{"id":1865,"date":"2024-10-28T12:10:48","date_gmt":"2024-10-28T09:10:48","guid":{"rendered":"https:\/\/kirjallisuuskalenteri.fi\/event\/puhuttua-runoa-kuvataiteen-aarelle\/"},"modified":"2024-11-04T11:43:19","modified_gmt":"2024-11-04T08:43:19","slug":"puhuttua-runoa-kuvataiteen-aarelle","status":"expired","type":"event_listing","link":"https:\/\/kirjallisuuskalenteri.fi\/sv\/event\/puhuttua-runoa-kuvataiteen-aarelle\/","title":{"rendered":"Puhuttua runoa kuvataiteen \u00e4\u00e4relle"},"content":{"rendered":"<h5>Galleria Rajatila ja kirjakauppa Laitapuoti avaavat ovet Rosetta Versoksen runoilijoille Riika Helle-Kotka ja Ilkka Tahvanainen.<\/h5>\n<p>Ilkka Tahvanaisen uusissa runoissa el\u00e4m\u00e4n ydinkysymykset voivat l\u00f6yty\u00e4 jogurttiin vajonneena (Runot uudesta kirjasta MeNu). Tahvanainen voitti esikoisteoksellaan &#8220;Putkista ja virtauksista&#8221; Runo-Kaarinan 2019.<\/p>\n<p>Riika Helle-Kotkan ilmaisemat tunteet kietoutuvat tiiviiksi haikuksi ja tankoiksi (Runokokoelmassa Kaiuttimessa peipot). Helle-Kotkan runo &#8220;V\u00e4litila&#8221; palkittiin kansainv\u00e4lisess\u00e4 Lahden Runomaratonissa 2019.<\/p>\n<p>Ihmisyys on vahvasti l\u00e4sn\u00e4 molempien runoilijoiden tuotannossa, jotka Rosetta Versos julkaisi.<\/p>\n<p>Kirjat l\u00f6ytyv\u00e4t Galleria Rajatilan myym\u00e4l\u00e4st\u00e4 Laitapuoti.<\/p>\n<p><em>Vapaa p\u00e4\u00e4sy!<\/em><\/p>\n<p>&nbsp;<\/p>\n","protected":false},"featured_media":1866,"template":"","meta":[],"event_listing_type":[153],"class_list":["post-1865","event_listing","type-event_listing","status-expired","has-post-thumbnail","hentry","event_listing_type-esitykset"],"_links":{"self":[{"href":"https:\/\/kirjallisuuskalenteri.fi\/sv\/wp-json\/wp\/v2\/event_listing\/1865","targetHints":{"allow":["GET"]}}],"collection":[{"href":"https:\/\/kirjallisuuskalenteri.fi\/sv\/wp-json\/wp\/v2\/event_listing"}],"about":[{"href":"https:\/\/kirjallisuuskalenteri.fi\/sv\/wp-json\/wp\/v2\/types\/event_listing"}],"wp:featuredmedia":[{"embeddable":true,"href":"https:\/\/kirjallisuuskalenteri.fi\/sv\/wp-json\/wp\/v2\/media\/1866"}],"wp:attachment":[{"href":"https:\/\/kirjallisuuskalenteri.fi\/sv\/wp-json\/wp\/v2\/media?parent=1865"}],"wp:term":[{"taxonomy":"event_listing_type","embeddable":true,"href":"https:\/\/kirjallisuuskalenteri.fi\/sv\/wp-json\/wp\/v2\/event_listing_type?post=1865"}],"curies":[{"name":"wp","href":"https:\/\/api.w.org\/{rel}","templated":true}]}}

Puhuttua runoa kuvataiteen äärelle

<h5>Galleria Rajatila ja kirjakauppa Laitapuoti avaavat ovet Rosetta Versoksen runoilijoille Riika Helle-Kotka ja Ilkka Tahvanainen.</h5>
<p>Ilkka Tahvanaisen uusissa runoissa elämän ydinkysymykset voivat löytyä jogurttiin vajonneena (Runot uudesta kirjasta MeNu). Tahvanainen voitti esikoisteoksellaan &#8220;Putkista ja virtauksista&#8221; Runo-Kaarinan 2019.</p>
<p>Riika Helle-Kotkan ilmaisemat tunteet kietoutuvat tiiviiksi haikuksi ja tankoiksi (Runokokoelmassa Kaiuttimessa peipot). Helle-Kotkan runo &#8220;Välitila&#8221; palkittiin kansainvälisessä Lahden Runomaratonissa 2019.</p>
<p>Ihmisyys on vahvasti läsnä molempien runoilijoiden tuotannossa, jotka Rosetta Versos julkaisi.</p>
<p>Kirjat löytyvät Galleria Rajatilan myymälästä Laitapuoti.</p>
<p><em>Vapaa pääsy!</em></p>
<p>&nbsp;</p>
