{"id":2032,"date":"2024-11-05T14:49:13","date_gmt":"2024-11-05T11:49:13","guid":{"rendered":"https:\/\/kirjallisuuskalenteri.fi\/event\/kirjailijavieraana-miina-supinen\/"},"modified":"2024-11-07T11:52:22","modified_gmt":"2024-11-07T08:52:22","slug":"kirjailijavieraana-miina-supinen","status":"expired","type":"event_listing","link":"https:\/\/kirjallisuuskalenteri.fi\/sv\/event\/kirjailijavieraana-miina-supinen\/","title":{"rendered":"Kirjailijavieraana Miina Supinen"},"content":{"rendered":"<p>Malmin kirjasto saa keskiviikkona 6.11. klo 18 kirjailijavieraakseen Miina Supisen. Tapahtumapaikkana on Kokoushuone 2 Malmitalon toisen kerroksen parvella. Tilaan p\u00e4\u00e4see sek\u00e4 portaita pitkin ett\u00e4 hissill\u00e4.<\/p>\n<p>Miina Supinen (s. 1976) on kirjailija, toimittaja ja luovan kirjoittamisen opettaja, joka kirjoittaa sek\u00e4 aikuisille ett\u00e4 lapsille. H\u00e4nelt\u00e4 ovat juuri ilmestyneet aikuistenromaani Kultainen peura (Otava 2024) ja lastenromaani Rosmariini: J\u00e4\u00e4t\u00e4v\u00e4 sorbettikissa (WSOY 2024). Supista haastattelee FM Tuija Takala.<\/p>\n<p>Tapahtuma j\u00e4rjestet\u00e4\u00e4n yhteisty\u00f6ss\u00e4 Helsingin ty\u00f6v\u00e4enopiston kanssa.<\/p>\n<p>Tervetuloa!<\/p>\n<p>&nbsp;<\/p>\n<p>Kuva: Veikko Somerpuro \/ WSOY<\/p>\n","protected":false},"featured_media":2036,"template":"","meta":[],"event_listing_type":[157],"class_list":["post-2032","event_listing","type-event_listing","status-expired","has-post-thumbnail","hentry","event_listing_type-keskustelut-ja-haastattelut"],"_links":{"self":[{"href":"https:\/\/kirjallisuuskalenteri.fi\/sv\/wp-json\/wp\/v2\/event_listing\/2032","targetHints":{"allow":["GET"]}}],"collection":[{"href":"https:\/\/kirjallisuuskalenteri.fi\/sv\/wp-json\/wp\/v2\/event_listing"}],"about":[{"href":"https:\/\/kirjallisuuskalenteri.fi\/sv\/wp-json\/wp\/v2\/types\/event_listing"}],"wp:featuredmedia":[{"embeddable":true,"href":"https:\/\/kirjallisuuskalenteri.fi\/sv\/wp-json\/wp\/v2\/media\/2036"}],"wp:attachment":[{"href":"https:\/\/kirjallisuuskalenteri.fi\/sv\/wp-json\/wp\/v2\/media?parent=2032"}],"wp:term":[{"taxonomy":"event_listing_type","embeddable":true,"href":"https:\/\/kirjallisuuskalenteri.fi\/sv\/wp-json\/wp\/v2\/event_listing_type?post=2032"}],"curies":[{"name":"wp","href":"https:\/\/api.w.org\/{rel}","templated":true}]}}

<p>Malmin kirjasto saa keskiviikkona 6.11. klo 18 kirjailijavieraakseen Miina Supisen. Tapahtumapaikkana on Kokoushuone 2 Malmitalon toisen kerroksen parvella. Tilaan pääsee sekä portaita pitkin että hissillä.</p>
<p>Miina Supinen (s. 1976) on kirjailija, toimittaja ja luovan kirjoittamisen opettaja, joka kirjoittaa sekä aikuisille että lapsille. Häneltä ovat juuri ilmestyneet aikuistenromaani Kultainen peura (Otava 2024) ja lastenromaani Rosmariini: Jäätävä sorbettikissa (WSOY 2024). Supista haastattelee FM Tuija Takala.</p>
<p>Tapahtuma järjestetään yhteistyössä Helsingin työväenopiston kanssa.</p>
<p>Tervetuloa!</p>
<p>&nbsp;</p>
<p>Kuva: Veikko Somerpuro / WSOY</p>
