{"id":2088,"date":"2024-11-08T05:03:43","date_gmt":"2024-11-08T02:03:43","guid":{"rendered":"https:\/\/kirjallisuuskalenteri.fi\/event\/runokavely-vedessa-pala-1-2-mirkka-rekola-festivaali-kohtaamispaikka-vuosi\/"},"modified":"2024-11-17T00:00:03","modified_gmt":"2024-11-16T21:00:03","slug":"runokavely-vedessa-palaa-1-2-mirkka-rekola-festivaali-kohtaamispaikka-vuosi","status":"expired","type":"event_listing","link":"https:\/\/kirjallisuuskalenteri.fi\/sv\/event\/runokavely-vedessa-palaa-1-2-mirkka-rekola-festivaali-kohtaamispaikka-vuosi\/","title":{"rendered":"Runok\u00e4vely &#8220;Vedess\u00e4 palaa&#8221; (1\/2) \/ MIRKKA REKOLA -FESTIVAALI &#8220;KOHTAAMISPAIKKA VUOSI&#8221;"},"content":{"rendered":"<p>Runok\u00e4vely Mirkan asuintalon luota runoaamiaiselle. Matkalla Jarkko Oraharju lausuu Mirkan runoja.<\/p>\n<p>Kokoontumispaikka: Mirkka Rekolan muistolaatta (Huvilakatu 22)<\/p>\n<p>Mirkka Rekola -seura ja WSOY j\u00e4rjest\u00e4v\u00e4t festivaalin &#8220;Kohtaamispaikka vuosi&#8221; Helsingiss\u00e4 marraskuussa viikonloppuna 15\u201317.11.2024. Tapahtumiin vapaa p\u00e4\u00e4sy.<br \/>\u00a0<\/p>\n","protected":false},"featured_media":2089,"template":"","meta":[],"event_listing_type":[154,158],"class_list":["post-2088","event_listing","type-event_listing","status-expired","has-post-thumbnail","hentry","event_listing_type-festivaalit-ja-messut","event_listing_type-kierrokset-ja-opastukset"],"_links":{"self":[{"href":"https:\/\/kirjallisuuskalenteri.fi\/sv\/wp-json\/wp\/v2\/event_listing\/2088","targetHints":{"allow":["GET"]}}],"collection":[{"href":"https:\/\/kirjallisuuskalenteri.fi\/sv\/wp-json\/wp\/v2\/event_listing"}],"about":[{"href":"https:\/\/kirjallisuuskalenteri.fi\/sv\/wp-json\/wp\/v2\/types\/event_listing"}],"wp:featuredmedia":[{"embeddable":true,"href":"https:\/\/kirjallisuuskalenteri.fi\/sv\/wp-json\/wp\/v2\/media\/2089"}],"wp:attachment":[{"href":"https:\/\/kirjallisuuskalenteri.fi\/sv\/wp-json\/wp\/v2\/media?parent=2088"}],"wp:term":[{"taxonomy":"event_listing_type","embeddable":true,"href":"https:\/\/kirjallisuuskalenteri.fi\/sv\/wp-json\/wp\/v2\/event_listing_type?post=2088"}],"curies":[{"name":"wp","href":"https:\/\/api.w.org\/{rel}","templated":true}]}}

Runokävely &#8220;Vedessä palaa&#8221; (1/2) / MIRKKA REKOLA -FESTIVAALI &#8220;KOHTAAMISPAIKKA VUOSI&#8221;

<p>Runokävely Mirkan asuintalon luota runoaamiaiselle. Matkalla Jarkko Oraharju lausuu Mirkan runoja.</p>
<p>Kokoontumispaikka: Mirkka Rekolan muistolaatta (Huvilakatu 22)</p>
<p>Mirkka Rekola -seura ja WSOY järjestävät festivaalin &#8220;Kohtaamispaikka vuosi&#8221; Helsingissä marraskuussa viikonloppuna 15–17.11.2024. Tapahtumiin vapaa pääsy.<br /> </p>
