{"id":4224,"date":"2025-08-12T16:17:52","date_gmt":"2025-08-12T13:17:52","guid":{"rendered":"https:\/\/kirjallisuuskalenteri.fi\/event\/runokuu-festivaali-17-8-2025\/"},"modified":"2025-08-18T00:40:02","modified_gmt":"2025-08-17T21:40:02","slug":"runokuu-festivaali-17-8-2025","status":"expired","type":"event_listing","link":"https:\/\/kirjallisuuskalenteri.fi\/sv\/event\/runokuu-festivaali-17-8-2025\/","title":{"rendered":"Runokuu-festivaali \/ 17.8.2025."},"content":{"rendered":"<p>Monitaiteinen ja kansainv\u00e4linen Runokuu-kirjallisuusfestivaali riemastuttaa runouden yst\u00e4vi\u00e4 Helsingiss\u00e4 ja sen liepeill\u00e4 14.\u201324.8.2025. T\u00e4n\u00e4 vuonna Runokuu juhlii 20-vuotista taivaltaan!\u00a0<\/p>\n<p>Katso koko ohjelma ja ohjelmap\u00e4ivitykset Runokuun verkkosivuilta\u00a0<br \/>https:\/\/runokuu.fi\/ohjelma\/<\/p>\n<p>You can find the Runokuu Festival programme in English at Runokuu website https:\/\/runokuu.fi\/en\/ohjelmakategoria\/tekstin-talo-en\/<\/p>\n<p>RUNOKUUN OHJELMISTOSSA SU 17.8.<\/p>\n<p>\u00a0<\/p>\n<p>Di dah Klubi<\/p>\n<p>\u00a013:30\u201314:30<\/p>\n<p>\u2022 Oodi, Keskustelut, Maksuton<\/p>\n<p>\u00a0<\/p>\n<p>Seikka II: installaatio<\/p>\n<p>\u00a014:00\u201318:00<\/p>\n<p>\u2022 toinen kerros | Nokiantie, Maksuton, N\u00e4yttelyt<\/p>\n<p>\u00a0<\/p>\n<p>Runok\u00e4vely: T\u00f6\u00f6l\u00f6nlahden ymp\u00e4rist\u00f6historia<\/p>\n<p>\u00a015:00\u201316:30<\/p>\n<p>\u2022 T\u00f6\u00f6l\u00f6nlahti, Aktiviteetit, Maksuton<\/p>\n","protected":false},"featured_media":0,"template":"","meta":[],"event_listing_type":[154,157,158,162],"class_list":["post-4224","event_listing","type-event_listing","status-expired","hentry","event_listing_type-festivaalit-ja-messut","event_listing_type-keskustelut-ja-haastattelut","event_listing_type-kierrokset-ja-opastukset","event_listing_type-nayttelyt"],"_links":{"self":[{"href":"https:\/\/kirjallisuuskalenteri.fi\/sv\/wp-json\/wp\/v2\/event_listing\/4224","targetHints":{"allow":["GET"]}}],"collection":[{"href":"https:\/\/kirjallisuuskalenteri.fi\/sv\/wp-json\/wp\/v2\/event_listing"}],"about":[{"href":"https:\/\/kirjallisuuskalenteri.fi\/sv\/wp-json\/wp\/v2\/types\/event_listing"}],"wp:attachment":[{"href":"https:\/\/kirjallisuuskalenteri.fi\/sv\/wp-json\/wp\/v2\/media?parent=4224"}],"wp:term":[{"taxonomy":"event_listing_type","embeddable":true,"href":"https:\/\/kirjallisuuskalenteri.fi\/sv\/wp-json\/wp\/v2\/event_listing_type?post=4224"}],"curies":[{"name":"wp","href":"https:\/\/api.w.org\/{rel}","templated":true}]}}

<p>Monitaiteinen ja kansainvälinen Runokuu-kirjallisuusfestivaali riemastuttaa runouden ystäviä Helsingissä ja sen liepeillä 14.–24.8.2025. Tänä vuonna Runokuu juhlii 20-vuotista taivaltaan! </p>
<p>Katso koko ohjelma ja ohjelmapäivitykset Runokuun verkkosivuilta <br />https://runokuu.fi/ohjelma/</p>
<p>You can find the Runokuu Festival programme in English at Runokuu website https://runokuu.fi/en/ohjelmakategoria/tekstin-talo-en/</p>
<p>RUNOKUUN OHJELMISTOSSA SU 17.8.</p>
<p> </p>
<p>Di dah Klubi</p>
<p> 13:30–14:30</p>
<p>• Oodi, Keskustelut, Maksuton</p>
<p> </p>
<p>Seikka II: installaatio</p>
<p> 14:00–18:00</p>
<p>• toinen kerros | Nokiantie, Maksuton, Näyttelyt</p>
<p> </p>
<p>Runokävely: Töölönlahden ympäristöhistoria</p>
<p> 15:00–16:30</p>
<p>• Töölönlahti, Aktiviteetit, Maksuton</p>
