{"id":5989,"date":"2026-01-26T16:05:37","date_gmt":"2026-01-26T13:05:37","guid":{"rendered":"https:\/\/kirjallisuuskalenteri.fi\/event\/kirjailijavieraana-jarkko-volanen\/"},"modified":"2026-03-20T00:40:02","modified_gmt":"2026-03-19T21:40:02","slug":"kirjailijavieraana-jarkko-volanen","status":"expired","type":"event_listing","link":"https:\/\/kirjallisuuskalenteri.fi\/sv\/event\/kirjailijavieraana-jarkko-volanen\/","title":{"rendered":"Kirjailijavieraana Jarkko Volanen"},"content":{"rendered":"<p>Jarkko Volasen (s. 1971) uusin kirja, Vainovalkeat, ilmestyi kev\u00e4\u00e4ll\u00e4 2025. Kirja oli ehdokkaana Finlandia-palkinnon saajaksi samana vuonna.<\/p>\n<p>Vainovalkeat kertoo kahden sotilaallisessa kurissa kasvaneen veljeksen, ja rakkauttaan piilottelevan naisparin kohtaamisesta totalitaristisessa maailmassa, jossa vaino ja terrori hallitsevat.<\/p>\n<p>Volasta haastattelee kirjailija Sinikka Paavilainen. Tilaisuus j\u00e4rjestet\u00e4\u00e4n yhteisty\u00f6ss\u00e4 Espoon Kirjailijat ry:n kanssa.<\/p>\n<p>Kuva: Milka Alanen<\/p>\n","protected":false},"featured_media":0,"template":"","meta":[],"event_listing_type":[157],"class_list":["post-5989","event_listing","type-event_listing","status-expired","hentry","event_listing_type-keskustelut-ja-haastattelut"],"_links":{"self":[{"href":"https:\/\/kirjallisuuskalenteri.fi\/sv\/wp-json\/wp\/v2\/event_listing\/5989","targetHints":{"allow":["GET"]}}],"collection":[{"href":"https:\/\/kirjallisuuskalenteri.fi\/sv\/wp-json\/wp\/v2\/event_listing"}],"about":[{"href":"https:\/\/kirjallisuuskalenteri.fi\/sv\/wp-json\/wp\/v2\/types\/event_listing"}],"wp:attachment":[{"href":"https:\/\/kirjallisuuskalenteri.fi\/sv\/wp-json\/wp\/v2\/media?parent=5989"}],"wp:term":[{"taxonomy":"event_listing_type","embeddable":true,"href":"https:\/\/kirjallisuuskalenteri.fi\/sv\/wp-json\/wp\/v2\/event_listing_type?post=5989"}],"curies":[{"name":"wp","href":"https:\/\/api.w.org\/{rel}","templated":true}]}}

<p>Jarkko Volasen (s. 1971) uusin kirja, Vainovalkeat, ilmestyi keväällä 2025. Kirja oli ehdokkaana Finlandia-palkinnon saajaksi samana vuonna.</p>
<p>Vainovalkeat kertoo kahden sotilaallisessa kurissa kasvaneen veljeksen, ja rakkauttaan piilottelevan naisparin kohtaamisesta totalitaristisessa maailmassa, jossa vaino ja terrori hallitsevat.</p>
<p>Volasta haastattelee kirjailija Sinikka Paavilainen. Tilaisuus järjestetään yhteistyössä Espoon Kirjailijat ry:n kanssa.</p>
<p>Kuva: Milka Alanen</p>
