{"id":5997,"date":"2026-01-28T09:13:03","date_gmt":"2026-01-28T06:13:03","guid":{"rendered":"https:\/\/kirjallisuuskalenteri.fi\/event\/elamani-kirja\/"},"modified":"2026-03-20T00:40:02","modified_gmt":"2026-03-19T21:40:02","slug":"elamani-kirja","status":"expired","type":"event_listing","link":"https:\/\/kirjallisuuskalenteri.fi\/sv\/event\/elamani-kirja\/","title":{"rendered":"El\u00e4m\u00e4ni kirja"},"content":{"rendered":"<p>TV:st\u00e4 tutun \u201cEl\u00e4m\u00e4ni biisin\u201d kirjaversiossa vieraat arvuuttelevat toistensa kirjavalintoja ja paljastavat samalla oman el\u00e4m\u00e4ns\u00e4 kirjan sek\u00e4 siihen liittyv\u00e4n tarinan.<\/p>\n<p>Vieraina:<\/p>\n<ul>\n<li>projektip\u00e4\u00e4likk\u00f6 Janne Viitamies, Kouvolan kaupunki<\/li>\n<li>artisti Julius Keisari<\/li>\n<li>lehtori, kirjailija Johanna Hasu<\/li>\n<li>projektip\u00e4\u00e4llikk\u00f6 Selja Kunttu, Kouvolan kaupunginkirjasto<\/li>\n<\/ul>\n","protected":false},"featured_media":0,"template":"","meta":[],"event_listing_type":[157],"class_list":["post-5997","event_listing","type-event_listing","status-expired","hentry","event_listing_type-keskustelut-ja-haastattelut"],"_links":{"self":[{"href":"https:\/\/kirjallisuuskalenteri.fi\/sv\/wp-json\/wp\/v2\/event_listing\/5997","targetHints":{"allow":["GET"]}}],"collection":[{"href":"https:\/\/kirjallisuuskalenteri.fi\/sv\/wp-json\/wp\/v2\/event_listing"}],"about":[{"href":"https:\/\/kirjallisuuskalenteri.fi\/sv\/wp-json\/wp\/v2\/types\/event_listing"}],"wp:attachment":[{"href":"https:\/\/kirjallisuuskalenteri.fi\/sv\/wp-json\/wp\/v2\/media?parent=5997"}],"wp:term":[{"taxonomy":"event_listing_type","embeddable":true,"href":"https:\/\/kirjallisuuskalenteri.fi\/sv\/wp-json\/wp\/v2\/event_listing_type?post=5997"}],"curies":[{"name":"wp","href":"https:\/\/api.w.org\/{rel}","templated":true}]}}

Elämäni kirja

<p>TV:stä tutun “Elämäni biisin” kirjaversiossa vieraat arvuuttelevat toistensa kirjavalintoja ja paljastavat samalla oman elämänsä kirjan sekä siihen liittyvän tarinan.</p>
<p>Vieraina:</p>
<ul>
<li>projektipäälikkö Janne Viitamies, Kouvolan kaupunki</li>
<li>artisti Julius Keisari</li>
<li>lehtori, kirjailija Johanna Hasu</li>
<li>projektipäällikkö Selja Kunttu, Kouvolan kaupunginkirjasto</li>
</ul>
