{"id":6274,"date":"2026-02-17T15:15:55","date_gmt":"2026-02-17T12:15:55","guid":{"rendered":"https:\/\/kirjallisuuskalenteri.fi\/event\/rakkaat-ruokamuistoni-elina-pulli-jauhopeukalot-2\/"},"modified":"2026-04-12T00:40:02","modified_gmt":"2026-04-11T21:40:02","slug":"rakkaat-ruokamuistoni-pipsa-meri-tuuli-samassa-liemessa","status":"expired","type":"event_listing","link":"https:\/\/kirjallisuuskalenteri.fi\/sv\/event\/rakkaat-ruokamuistoni-pipsa-meri-tuuli-samassa-liemessa\/","title":{"rendered":"Rakkaat ruokamuistoni: Pipsa &amp; Meri-Tuuli | Samassa liemess\u00e4"},"content":{"rendered":"<p><strong>Pipsa Hurmerinta<\/strong> ja <strong>Meri-Tuuli\u00a0V\u00e4ntsi\u00a0<\/strong>ovat\u00a0tv:st\u00e4 tuttuja kokkeja ja\u00a0varsinaisia ruoka-alan voimanaisia, joiden keitti\u00f6ss\u00e4 syntyy\u00a0mutkatonta, v\u00e4rik\u00e4st\u00e4 ja oivaltavaa ruokaa.\u00a0Parivaljakko on vet\u00e4nyt\u00a0Samassa liemess\u00e4\u00a0-televisio-ohjelmaa\u00a0ja\u00a0Ruokatunti-radio-ohjelma.\u00a0<\/p>\n<p>Rakkaat ruokamuistoni -tapahtumasarjassa\u00a0kirjailijat, kokit ja muut ruokakulttuurin tuntijat kertovat omista ruokamuistoistaan ja siit\u00e4, millainen merkitys ruoalla on ollut heid\u00e4n el\u00e4m\u00e4ss\u00e4\u00e4n ja teoksissaan. Samalla illan aikana kokkaillaan teemaan sopivaa yhteist\u00e4 maisteltavaa.<\/p>\n<p>Illassa on luvassa tarinoita, makuja ja oivalluksia! Voit halutessasi jakaa omia ruokamuistojasi tai vain kuunnella ja nauttia tunnelmasta.<\/p>\n<p>Tapahtumat j\u00e4rjestet\u00e4\u00e4n Entressen kirjaston Jukeboksi-salissa.<\/p>\n<p>L\u00e4mpim\u00e4sti tervetuloa!<\/p>\n<p><strong>Tapahtumasarjan kev\u00e4\u00e4n kirjailijavieraat:<\/strong><\/p>\n<p>Keskiviikko 21.1. Iman ja Leena \u2013 Arkisafkaa 2, klo 17<\/p>\n<p>Lauantai 7.2. Elina Innanen \u2013 Chocochili, klo 15<\/p>\n<p>Lauantai 7.3. Elina Pulli \u2013 Jauhopeukalot, klo 15<\/p>\n<p>Lauantai 11.4. Pipsa Hurmerinta ja Meri-Tuuli V\u00e4ntsi \u2013 Samassa liemess\u00e4, klo 15<\/p>\n<p>Sunnuntai 19.4. Ilkka Tahvanainen \u2013 MEnu, klo 15<\/p>\n<p>Keskiviikko 20.5. Erika Poussa \u2013 Bakerika, klo 17<\/p>\n<p>\u00a0<\/p>\n<p>\u00a0<\/p>\n","protected":false},"featured_media":0,"template":"","meta":[],"event_listing_type":[157],"class_list":["post-6274","event_listing","type-event_listing","status-expired","hentry","event_listing_type-keskustelut-ja-haastattelut"],"_links":{"self":[{"href":"https:\/\/kirjallisuuskalenteri.fi\/sv\/wp-json\/wp\/v2\/event_listing\/6274","targetHints":{"allow":["GET"]}}],"collection":[{"href":"https:\/\/kirjallisuuskalenteri.fi\/sv\/wp-json\/wp\/v2\/event_listing"}],"about":[{"href":"https:\/\/kirjallisuuskalenteri.fi\/sv\/wp-json\/wp\/v2\/types\/event_listing"}],"wp:attachment":[{"href":"https:\/\/kirjallisuuskalenteri.fi\/sv\/wp-json\/wp\/v2\/media?parent=6274"}],"wp:term":[{"taxonomy":"event_listing_type","embeddable":true,"href":"https:\/\/kirjallisuuskalenteri.fi\/sv\/wp-json\/wp\/v2\/event_listing_type?post=6274"}],"curies":[{"name":"wp","href":"https:\/\/api.w.org\/{rel}","templated":true}]}}

Rakkaat ruokamuistoni: Pipsa &amp; Meri-Tuuli | Samassa liemessä

<p><strong>Pipsa Hurmerinta</strong> ja <strong>Meri-Tuuli Väntsi </strong>ovat tv:stä tuttuja kokkeja ja varsinaisia ruoka-alan voimanaisia, joiden keittiössä syntyy mutkatonta, värikästä ja oivaltavaa ruokaa. Parivaljakko on vetänyt Samassa liemessä -televisio-ohjelmaa ja Ruokatunti-radio-ohjelma. </p>
<p>Rakkaat ruokamuistoni -tapahtumasarjassa kirjailijat, kokit ja muut ruokakulttuurin tuntijat kertovat omista ruokamuistoistaan ja siitä, millainen merkitys ruoalla on ollut heidän elämässään ja teoksissaan. Samalla illan aikana kokkaillaan teemaan sopivaa yhteistä maisteltavaa.</p>
<p>Illassa on luvassa tarinoita, makuja ja oivalluksia! Voit halutessasi jakaa omia ruokamuistojasi tai vain kuunnella ja nauttia tunnelmasta.</p>
<p>Tapahtumat järjestetään Entressen kirjaston Jukeboksi-salissa.</p>
<p>Lämpimästi tervetuloa!</p>
<p><strong>Tapahtumasarjan kevään kirjailijavieraat:</strong></p>
<p>Keskiviikko 21.1. Iman ja Leena – Arkisafkaa 2, klo 17</p>
<p>Lauantai 7.2. Elina Innanen – Chocochili, klo 15</p>
<p>Lauantai 7.3. Elina Pulli – Jauhopeukalot, klo 15</p>
<p>Lauantai 11.4. Pipsa Hurmerinta ja Meri-Tuuli Väntsi – Samassa liemessä, klo 15</p>
<p>Sunnuntai 19.4. Ilkka Tahvanainen – MEnu, klo 15</p>
<p>Keskiviikko 20.5. Erika Poussa – Bakerika, klo 17</p>
<p> </p>
<p> </p>
