{"id":6822,"date":"2026-04-21T16:15:49","date_gmt":"2026-04-21T13:15:49","guid":{"rendered":"https:\/\/kirjallisuuskalenteri.fi\/event\/akateeminen-kohtaamispaikalla-lena-andersson-tara-menon-ja-lina-wolff\/"},"modified":"2026-04-21T16:15:49","modified_gmt":"2026-04-21T13:15:49","slug":"akateeminen-kohtaamispaikalla-lena-andersson-tara-menon-ja-lina-wolff","status":"publish","type":"event_listing","link":"https:\/\/kirjallisuuskalenteri.fi\/sv\/event\/akateeminen-kohtaamispaikalla-lena-andersson-tara-menon-ja-lina-wolff\/","title":{"rendered":"Akateeminen Kohtaamispaikalla Lena Andersson, Tara Menon ja Lina Wolff"},"content":{"rendered":"<p>Tervetuloa Kirjatalon Kohtaamispaikalle torstaina 21.5.\u00a0klo 17 alkaen kuuntelemaan kansainv\u00e4listen kirjailijoiden haastatteluja, kun lavalle astuu Lena Andersson, Tara Menon ja Lina Wolff kertomaan heid\u00e4n uutuuskirjoistaan.<\/p>\n<p>17.00\u00a0Lena Andersson:\u00a0Tutkielma inhimillisest\u00e4 k\u00e4ytt\u00e4ytymisest\u00e4\u00a0(sv.\u00a0Studie i m\u00e4nskligt beteende)<br \/>Tutkielma suomii nautinnollisesti ruotsalaista itsetyytyv\u00e4isyytt\u00e4 ja omahyv\u00e4isyytt\u00e4 Anderssonille tyypillisell\u00e4 ironialla ja analyyttisyydell\u00e4.<\/p>\n<p>17.20\u00a0Tara Menon:\u00a0Upoksissa\u00a0(eng.\u00a0Under Water\u00a0\u2013\u00a0sv.\u00a0Under vatten\u00a0\/ tulossa lokakuussa)<br \/>Upoksissa on tarina yst\u00e4vyydest\u00e4 ja surusta, mutta my\u00f6s ekologisesta tuhosta ja luonnonkatastrofeista.\u00a0<\/p>\n<p>17.40\u00a0Lina Wolff:\u00a0Ruumiit jotka hautasimme\u00a0(sv.\u00a0Liken vi begravde)<br \/>Kulttikirjailijan taidonn\u00e4yte on taiturillinen ja karmea romaani rohkeudesta ja toivosta, tahrattomasta valosta, joka voi kasvaa vain pimeydest\u00e4.\u00a0<\/p>\n","protected":false},"featured_media":0,"template":"","meta":[],"event_listing_type":[168,157],"class_list":["post-6822","event_listing","type-event_listing","status-publish","hentry","event_listing_type-englanniksi","event_listing_type-keskustelut-ja-haastattelut"],"_links":{"self":[{"href":"https:\/\/kirjallisuuskalenteri.fi\/sv\/wp-json\/wp\/v2\/event_listing\/6822","targetHints":{"allow":["GET"]}}],"collection":[{"href":"https:\/\/kirjallisuuskalenteri.fi\/sv\/wp-json\/wp\/v2\/event_listing"}],"about":[{"href":"https:\/\/kirjallisuuskalenteri.fi\/sv\/wp-json\/wp\/v2\/types\/event_listing"}],"wp:attachment":[{"href":"https:\/\/kirjallisuuskalenteri.fi\/sv\/wp-json\/wp\/v2\/media?parent=6822"}],"wp:term":[{"taxonomy":"event_listing_type","embeddable":true,"href":"https:\/\/kirjallisuuskalenteri.fi\/sv\/wp-json\/wp\/v2\/event_listing_type?post=6822"}],"curies":[{"name":"wp","href":"https:\/\/api.w.org\/{rel}","templated":true}]}}

<p>Tervetuloa Kirjatalon Kohtaamispaikalle torstaina 21.5. klo 17 alkaen kuuntelemaan kansainvälisten kirjailijoiden haastatteluja, kun lavalle astuu Lena Andersson, Tara Menon ja Lina Wolff kertomaan heidän uutuuskirjoistaan.</p>
<p>17.00 Lena Andersson: Tutkielma inhimillisestä käyttäytymisestä (sv. Studie i mänskligt beteende)<br />Tutkielma suomii nautinnollisesti ruotsalaista itsetyytyväisyyttä ja omahyväisyyttä Anderssonille tyypillisellä ironialla ja analyyttisyydellä.</p>
<p>17.20 Tara Menon: Upoksissa (eng. Under Water – sv. Under vatten / tulossa lokakuussa)<br />Upoksissa on tarina ystävyydestä ja surusta, mutta myös ekologisesta tuhosta ja luonnonkatastrofeista. </p>
<p>17.40 Lina Wolff: Ruumiit jotka hautasimme (sv. Liken vi begravde)<br />Kulttikirjailijan taidonnäyte on taiturillinen ja karmea romaani rohkeudesta ja toivosta, tahrattomasta valosta, joka voi kasvaa vain pimeydestä. </p>
