{"id":6871,"date":"2026-04-27T11:10:59","date_gmt":"2026-04-27T08:10:59","guid":{"rendered":"https:\/\/kirjallisuuskalenteri.fi\/event\/iltasatuklubi\/"},"modified":"2026-04-27T11:10:59","modified_gmt":"2026-04-27T08:10:59","slug":"iltasatuklubi","status":"publish","type":"event_listing","link":"https:\/\/kirjallisuuskalenteri.fi\/sv\/event\/iltasatuklubi\/","title":{"rendered":"Iltasatuklubi"},"content":{"rendered":"<p>Iltasatuklubi on Anniskeluravintola Parven ja Keski-Suomen kirjailijoiden uusi proosatapahtumakonsepti, jossa kohdataan kiinnostava kirjallinen vieras tunnelmallisessa baarimilj\u00f6\u00f6ss\u00e4. Keskustelu polveilee kirjoittamisen, kirjojen ja lukemisen vaiheilla. Ilta p\u00e4\u00e4ttyy &#8211; luonnollisesti &#8211; vieraan valitsemaan ja iltasaduksi lukemaan tekstiin.\u00a0<\/p>\n<p>Iltasatuklubin\u00a0ensimm\u00e4iseksi vieraaksi saapuu Johanna Venho, joka on saanut kirjailijanty\u00f6st\u00e4\u00e4n useita tunnustuksia ja jonka tuotantoa on k\u00e4\u00e4nnetty monille kielille.\u00a0WSOY julkaisee syksyll\u00e4 2026 Venhon viidennen romaanin Mit\u00e4 rakkaus meille tekee, joka tulkitsee Keuruulla syntyneen ja varttuneen kansanedustaja Maria Raunion (1872-1911) el\u00e4m\u00e4\u00e4.<\/p>\n<p>Johanna Venhon kanssa keskustelee kirjailija Iikka Hackman. Lehtisaaren Loiston tukemaan tapahtumaan on vapaa p\u00e4\u00e4sy. L\u00e4mpim\u00e4sti tervetuloa S\u00e4yn\u00e4tsalon syd\u00e4meen!\u00a0<\/p>\n","protected":false},"featured_media":0,"template":"","meta":[],"event_listing_type":[155,157],"class_list":["post-6871","event_listing","type-event_listing","status-publish","hentry","event_listing_type-iltaklubit","event_listing_type-keskustelut-ja-haastattelut"],"_links":{"self":[{"href":"https:\/\/kirjallisuuskalenteri.fi\/sv\/wp-json\/wp\/v2\/event_listing\/6871","targetHints":{"allow":["GET"]}}],"collection":[{"href":"https:\/\/kirjallisuuskalenteri.fi\/sv\/wp-json\/wp\/v2\/event_listing"}],"about":[{"href":"https:\/\/kirjallisuuskalenteri.fi\/sv\/wp-json\/wp\/v2\/types\/event_listing"}],"wp:attachment":[{"href":"https:\/\/kirjallisuuskalenteri.fi\/sv\/wp-json\/wp\/v2\/media?parent=6871"}],"wp:term":[{"taxonomy":"event_listing_type","embeddable":true,"href":"https:\/\/kirjallisuuskalenteri.fi\/sv\/wp-json\/wp\/v2\/event_listing_type?post=6871"}],"curies":[{"name":"wp","href":"https:\/\/api.w.org\/{rel}","templated":true}]}}

<p>Iltasatuklubi on Anniskeluravintola Parven ja Keski-Suomen kirjailijoiden uusi proosatapahtumakonsepti, jossa kohdataan kiinnostava kirjallinen vieras tunnelmallisessa baarimiljöössä. Keskustelu polveilee kirjoittamisen, kirjojen ja lukemisen vaiheilla. Ilta päättyy &#8211; luonnollisesti &#8211; vieraan valitsemaan ja iltasaduksi lukemaan tekstiin. </p>
<p>Iltasatuklubin ensimmäiseksi vieraaksi saapuu Johanna Venho, joka on saanut kirjailijantyöstään useita tunnustuksia ja jonka tuotantoa on käännetty monille kielille. WSOY julkaisee syksyllä 2026 Venhon viidennen romaanin Mitä rakkaus meille tekee, joka tulkitsee Keuruulla syntyneen ja varttuneen kansanedustaja Maria Raunion (1872-1911) elämää.</p>
<p>Johanna Venhon kanssa keskustelee kirjailija Iikka Hackman. Lehtisaaren Loiston tukemaan tapahtumaan on vapaa pääsy. Lämpimästi tervetuloa Säynätsalon sydämeen! </p>
