{"id":6878,"date":"2026-04-28T17:02:48","date_gmt":"2026-04-28T14:02:48","guid":{"rendered":"https:\/\/kirjallisuuskalenteri.fi\/event\/kirjoitusaamut-ja-illat-kesasprintit\/"},"modified":"2026-04-28T17:03:44","modified_gmt":"2026-04-28T14:03:44","slug":"kirjoitusaamut-ja-illat-kesasprintit","status":"publish","type":"event_listing","link":"https:\/\/kirjallisuuskalenteri.fi\/sv\/event\/kirjoitusaamut-ja-illat-kesasprintit\/","title":{"rendered":"Kirjoitusaamut ja -illat: kes\u00e4sprintit"},"content":{"rendered":"<p><em>Onko sinulla kirjoitusprojekti, jota haluat edist\u00e4\u00e4 kes\u00e4n aikana?<\/em><\/p>\n<p>Kirjoitusaamut ja -illat j\u00e4rjestet\u00e4\u00e4n et\u00e4n\u00e4 kahdessa tiiviiss\u00e4 jaksossa kes\u00e4- ja elokuussa. Hein\u00e4kuussa ty\u00f6skennell\u00e4\u00e4n omatoimisesti kirjoitusharjoitusten ja -aikataulun tuella.<\/p>\n<p>Et\u00e4tapaamisissa tehd\u00e4\u00e4n l\u00e4mmittelyharjoitus, edistet\u00e4\u00e4n omaa teksti\u00e4 (2 x 25 min), kuullaan ohjaajan alustus ja keskustellaan pienryhmiss\u00e4 kirjoittamisen osa-alueista. Teemat valitaan ryhm\u00e4n toiveiden mukaan.<\/p>\n<p>Keskusteluihin osallistuminen on vapaaehtoista, eik\u00e4 tekstej\u00e4 l\u00e4ht\u00f6kohtaisesti jaeta. Elokuussa on mahdollisuus vertaispalautteisiin. Panostamme turvalliseen, kannustavaan ja luottamukselliseen ilmapiiriin. Kameran voi Zoom-tapaamisissa pit\u00e4\u00e4 auki tai kiinni.<\/p>\n<p><strong>Aikataulu:\u00a0<\/strong><\/p>\n<p><em>Kes\u00e4kuu<\/em><br \/>Aamuryhm\u00e4: 1.6., 3.6., 8.6., 10.6. (klo 10\u201411.45)<br \/>Iltaryhm\u00e4: 2.6., 4.6., 9.6., 11.6. (klo 18\u201319.45)<\/p>\n<p><em>Hein\u00e4kuu<\/em><br \/>Omatoimista kirjoittamista (saat tueksesi harjoituksia ja kirjoitusaikataulun)<\/p>\n<p><em>Elokuu<\/em><br \/>Aamuryhm\u00e4: 3.8., 5.8., 10.8., 12.8. (klo 10\u201311.45)<br \/>Iltaryhm\u00e4: 4.8., 6.8., 11.8., 13.8. (klo 18\u201319.45)<\/p>\n<p>Ilmoittautuessasi kerro, tuletko ensisijaisesti aamu- vai iltaryhm\u00e4\u00e4n. Mik\u00e4li molemmat ryhm\u00e4t toteutuvat, voit halutessasi osallistua kumpaankin.<\/p>\n<p><strong>Osallistumismaksu ja ilmoittautuminen<\/strong><\/p>\n<ul>\n<li>199 \u20ac (alv. 0 %)<\/li>\n<li>Ilmoittautuminen on sitova ja auki 11.5. saakka<\/li>\n<li>Min 6, max 24 osallistujaa \/ ryhm\u00e4<\/li>\n<li>Laskutus 1\u20132 er\u00e4ss\u00e4 tai sopimuksen mukaan<\/li>\n<li>Ilmoittaudu <a href=\"https:\/\/eevaakerblad.com\/kurssit\/\">nettisivujen lomakkeella<\/a> tai s\u00e4hk\u00f6postilla eeva.akerblad@gmail.com.<\/li>\n<li>Huom.! Jos sek\u00e4 aamu- ett\u00e4 iltaryhm\u00e4 toteutuvat, voit osallistua vapaasti molempien tapaamisiin. Jokainen teemakerta j\u00e4rjestet\u00e4\u00e4n kahdesti (aamu- ett\u00e4 iltaryhm\u00e4lle).\u00a0<\/li>\n<\/ul>\n","protected":false},"featured_media":0,"template":"","meta":[],"event_listing_type":[159,164],"class_list":["post-6878","event_listing","type-event_listing","status-publish","hentry","event_listing_type-kurssit-ja-koulutukset","event_listing_type-verkossa"],"_links":{"self":[{"href":"https:\/\/kirjallisuuskalenteri.fi\/sv\/wp-json\/wp\/v2\/event_listing\/6878","targetHints":{"allow":["GET"]}}],"collection":[{"href":"https:\/\/kirjallisuuskalenteri.fi\/sv\/wp-json\/wp\/v2\/event_listing"}],"about":[{"href":"https:\/\/kirjallisuuskalenteri.fi\/sv\/wp-json\/wp\/v2\/types\/event_listing"}],"wp:attachment":[{"href":"https:\/\/kirjallisuuskalenteri.fi\/sv\/wp-json\/wp\/v2\/media?parent=6878"}],"wp:term":[{"taxonomy":"event_listing_type","embeddable":true,"href":"https:\/\/kirjallisuuskalenteri.fi\/sv\/wp-json\/wp\/v2\/event_listing_type?post=6878"}],"curies":[{"name":"wp","href":"https:\/\/api.w.org\/{rel}","templated":true}]}}

Kirjoitusaamut ja -illat: kesäsprintit

<p><em>Onko sinulla kirjoitusprojekti, jota haluat edistää kesän aikana?</em></p>
<p>Kirjoitusaamut ja -illat järjestetään etänä kahdessa tiiviissä jaksossa kesä- ja elokuussa. Heinäkuussa työskennellään omatoimisesti kirjoitusharjoitusten ja -aikataulun tuella.</p>
<p>Etätapaamisissa tehdään lämmittelyharjoitus, edistetään omaa tekstiä (2 x 25 min), kuullaan ohjaajan alustus ja keskustellaan pienryhmissä kirjoittamisen osa-alueista. Teemat valitaan ryhmän toiveiden mukaan.</p>
<p>Keskusteluihin osallistuminen on vapaaehtoista, eikä tekstejä lähtökohtaisesti jaeta. Elokuussa on mahdollisuus vertaispalautteisiin. Panostamme turvalliseen, kannustavaan ja luottamukselliseen ilmapiiriin. Kameran voi Zoom-tapaamisissa pitää auki tai kiinni.</p>
<p><strong>Aikataulu: </strong></p>
<p><em>Kesäkuu</em><br />Aamuryhmä: 1.6., 3.6., 8.6., 10.6. (klo 10—11.45)<br />Iltaryhmä: 2.6., 4.6., 9.6., 11.6. (klo 18–19.45)</p>
<p><em>Heinäkuu</em><br />Omatoimista kirjoittamista (saat tueksesi harjoituksia ja kirjoitusaikataulun)</p>
<p><em>Elokuu</em><br />Aamuryhmä: 3.8., 5.8., 10.8., 12.8. (klo 10–11.45)<br />Iltaryhmä: 4.8., 6.8., 11.8., 13.8. (klo 18–19.45)</p>
<p>Ilmoittautuessasi kerro, tuletko ensisijaisesti aamu- vai iltaryhmään. Mikäli molemmat ryhmät toteutuvat, voit halutessasi osallistua kumpaankin.</p>
<p><strong>Osallistumismaksu ja ilmoittautuminen</strong></p>
<ul>
<li>199 € (alv. 0 %)</li>
<li>Ilmoittautuminen on sitova ja auki 11.5. saakka</li>
<li>Min 6, max 24 osallistujaa / ryhmä</li>
<li>Laskutus 1–2 erässä tai sopimuksen mukaan</li>
<li>Ilmoittaudu <a href="https://eevaakerblad.com/kurssit/">nettisivujen lomakkeella</a> tai sähköpostilla eeva.akerblad@gmail.com.</li>
<li>Huom.! Jos sekä aamu- että iltaryhmä toteutuvat, voit osallistua vapaasti molempien tapaamisiin. Jokainen teemakerta järjestetään kahdesti (aamu- että iltaryhmälle). </li>
</ul>
