{"id":6901,"date":"2026-04-28T20:22:35","date_gmt":"2026-04-28T17:22:35","guid":{"rendered":"https:\/\/kirjallisuuskalenteri.fi\/event\/aapo-kukko-punainen-beethoven-sarjakuvasinfonia-dmitri-sostakovitsin-elamasta\/"},"modified":"2026-04-28T20:22:35","modified_gmt":"2026-04-28T17:22:35","slug":"aapo-kukko-punainen-beethoven-sarjakuvasinfonia-dmitri-sostakovitsin-elamasta","status":"publish","type":"event_listing","link":"https:\/\/kirjallisuuskalenteri.fi\/sv\/event\/aapo-kukko-punainen-beethoven-sarjakuvasinfonia-dmitri-sostakovitsin-elamasta\/","title":{"rendered":"Aapo Kukko: Punainen Beethoven &#8211; Sarjakuvasinfonia Dmitri \u0160ostakovit\u0161in el\u00e4m\u00e4st\u00e4"},"content":{"rendered":"<p><strong>Studia generalia<\/strong><\/p>\n<p>Sarjakuvantekij\u00e4 <strong>Aapo Kukkoa<\/strong> haastattelee <strong>Veli-Pekka Lepp\u00e4nen<\/strong>. Tilaisuuden avaa ty\u00f6v\u00e4enkirjaston yst\u00e4vien pj. <strong>Pentti Araj\u00e4rvi.<\/strong><\/p>\n<p>Neuvostoliiton kuuluisimman s\u00e4velt\u00e4j\u00e4n Dmitri \u0160ostakovit\u0161in (1906-1975) el\u00e4m\u00e4nvaiheisiin pohjautuva l\u00e4hes 450-sivuinen sarjakuvateos on vuosikymmeni\u00e4 kattava kuvaus taiteilijasta, h\u00e4nen ajastaan ja aikalaisistaan. S\u00e4velt\u00e4j\u00e4n uralle mahtui niin kansainv\u00e4list\u00e4 nousukiitoa kuin hengenvaarallista alhoa: keski\u00f6\u00f6n nousee etenkin \u0160ostakovit\u0161in ja Stalinin kiikker\u00e4 suhde.<\/p>\n<p>Aapo Kukko (s. 1991) on Oulussa asuva sarjakuvantekij\u00e4, kuvittaja ja k\u00e4sikirjoittaja. Historiallisiin henkil\u00f6ihin ja ajanjaksoihin keskittyv\u00e4t pitk\u00e4t sarjakuvatarinat ovat h\u00e4nen erityisen mielenkiintonsa kohteena.<\/p>\n","protected":false},"featured_media":0,"template":"","meta":[],"event_listing_type":[157],"class_list":["post-6901","event_listing","type-event_listing","status-publish","hentry","event_listing_type-keskustelut-ja-haastattelut"],"_links":{"self":[{"href":"https:\/\/kirjallisuuskalenteri.fi\/sv\/wp-json\/wp\/v2\/event_listing\/6901","targetHints":{"allow":["GET"]}}],"collection":[{"href":"https:\/\/kirjallisuuskalenteri.fi\/sv\/wp-json\/wp\/v2\/event_listing"}],"about":[{"href":"https:\/\/kirjallisuuskalenteri.fi\/sv\/wp-json\/wp\/v2\/types\/event_listing"}],"wp:attachment":[{"href":"https:\/\/kirjallisuuskalenteri.fi\/sv\/wp-json\/wp\/v2\/media?parent=6901"}],"wp:term":[{"taxonomy":"event_listing_type","embeddable":true,"href":"https:\/\/kirjallisuuskalenteri.fi\/sv\/wp-json\/wp\/v2\/event_listing_type?post=6901"}],"curies":[{"name":"wp","href":"https:\/\/api.w.org\/{rel}","templated":true}]}}

Aapo Kukko: Punainen Beethoven &#8211; Sarjakuvasinfonia Dmitri Šostakovitšin elämästä

<p><strong>Studia generalia</strong></p>
<p>Sarjakuvantekijä <strong>Aapo Kukkoa</strong> haastattelee <strong>Veli-Pekka Leppänen</strong>. Tilaisuuden avaa työväenkirjaston ystävien pj. <strong>Pentti Arajärvi.</strong></p>
<p>Neuvostoliiton kuuluisimman säveltäjän Dmitri Šostakovitšin (1906-1975) elämänvaiheisiin pohjautuva lähes 450-sivuinen sarjakuvateos on vuosikymmeniä kattava kuvaus taiteilijasta, hänen ajastaan ja aikalaisistaan. Säveltäjän uralle mahtui niin kansainvälistä nousukiitoa kuin hengenvaarallista alhoa: keskiöön nousee etenkin Šostakovitšin ja Stalinin kiikkerä suhde.</p>
<p>Aapo Kukko (s. 1991) on Oulussa asuva sarjakuvantekijä, kuvittaja ja käsikirjoittaja. Historiallisiin henkilöihin ja ajanjaksoihin keskittyvät pitkät sarjakuvatarinat ovat hänen erityisen mielenkiintonsa kohteena.</p>
